v?
2, 3
Let y(m) = m**3 - 5*m**2 + 5*m + 5. Let v be y(5). Let b = v + -26. What are the prime factors of b?
2
Let f(x) = x**2 - 9*x + 3. Let u be f(9). Suppose -4*r + u = h - 14, -5*r - 5*h + 25 = 0. List the prime factors of (r - 0)*14/8.
7
Let x be (-4)/(-6) - 19/(-3). Let z = x - 3. List the prime factors of z.
2
Suppose 1200 = 6*z - 2*z. What are the prime factors of z?
2, 3, 5
Suppose -2*l + 8 = -18. What are the prime factors of l?
13
Let j(m) = -m + 2. Let r be j(3). Let b be (1 - 3) + (-4)/r. Let y = b + 1. What are the prime factors of y?
3
Suppose -2*u + 5*g - 1516 = -6*u, -3*u + 3*g + 1164 = 0. What are the prime factors of u?
2, 3
Suppose 0 = -q + 4*l - 6 + 31, -5*q + 2*l = -35. Suppose -2*s + 3*s - 2 = q*r, 0 = -4*s + 4*r + 24. What are the prime factors of s?
7
Suppose 604 = 5*z + 204. What are the prime factors of z?
2, 5
Let u(a) = 82*a**2 + 4*a + 4. List the prime factors of u(-2).
2, 3
Let v = -1 - 8. Let y = 17 + v. List the prime factors of y.
2
Let b = 3 + -3. Suppose 0 = -b*s - s, 5*t + 30 = -s. Let y = 10 + t. What are the prime factors of y?
2
Suppose 0 = -0*b + 3*b - 6. Let i(f) = -f**2 - 3. Let l(y) = y**2 + 1. Let v(o) = i(o) + 2*l(o). What are the prime factors of v(b)?
3
Suppose 45*v - 47*v + 18 = 0. List the prime factors of v.
3
Let i = 1 + 30. Let f = 9 + 11. Let y = i - f. List the prime factors of y.
11
Let h(r) = -r**3 + 11*r**2 - 6*r - 10. What are the prime factors of h(10)?
2, 3, 5
Suppose 0 = -l - 0 + 24. What are the prime factors of l?
2, 3
Suppose -4*b = t - 135 + 47, 4*b = 5*t - 416. List the prime factors of t.
2, 3, 7
Let n = -22 - -35. List the prime factors of n.
13
Let c(p) be the first derivative of -p**2 - 6*p + 3. Let y be 16/(-3) - 3/(-9). List the prime factors of c(y).
2
Suppose 5*o + 5 = 50. List the prime factors of o.
3
Let w(b) = -b - 10. List the prime factors of w(-13).
3
Let b(f) = f**3 + 9*f**2 + 7*f - 3. Let c be b(-8). Suppose 0 = -2*l + c + 1. Suppose -2*v + 11 = l*j - 5, 0 = 5*v - 3*j - 61. What are the prime factors of v?
11
Let v = -13 - -7. Let t be (v/(-4))/((-15)/(-50)). List the prime factors of 3*3 - (7 - t).
7
Let j = 67 - 7. What are the prime factors of j?
2, 3, 5
Let d(l) = 20*l**3 - 2*l + 1. Let p be d(1). Let j = p - -15. What are the prime factors of j?
2, 17
Suppose 0 = -3*f - 2*f + 150. What are the prime factors of f?
2, 3, 5
Suppose 0 = q + 3*u + 10, -4*u + 0*u = 5*q + 6. Let m be 0 + 6/1 + 0. Suppose -4*s = -i - 37, -3*i - m = -q*s + 25. What are the prime factors of s?
2
Let x = 29 - 18. Let u = x + -8. Suppose u + 14 = f. What are the prime factors of f?
17
Let b = 4 - -1. Let h = 2 + b. What are the prime factors of h?
7
Let x(v) = -v. Let s be x(-4). Let n(r) = -r**3 + 8*r**2 - 2*r + 4. Let f be n(s). Suppose f = 4*l + l. List the prime factors of l.
2, 3
Let n(l) = -l + 2 + 0*l + 0*l. List the prime factors of n(-8).
2, 5
Suppose -599 = -5*m + x + 53, 0 = 5*m + 3*x - 664. What are the prime factors of m?
131
Suppose 3*q - 37 + 10 = 0. Let z(v) = -v**2 + 12*v - 11. What are the prime factors of z(q)?
2
Suppose 3*a - w = -2*w + 82, -3*a + 3*w + 90 = 0. What are the prime factors of a?
2, 7
Let m(a) = 3*a. Let y be m(-1). Let q = 2 - y. List the prime factors of q.
5
Let y(u) = -u - 6. Let b be y(-8). What are the prime factors of (21/6)/(1/b)?
7
Suppose 0 = -h + 134 - 49. List the prime factors of h.
5, 17
Let b be (-4)/6 + 10/6. Let g(n) = 14*n**2 - n. Let m be g(b). Let y = m - 6. List the prime factors of y.
7
Suppose -3*p - 2 = -8. List the prime factors of p.
2
List the prime factors of (-8)/(-12) - (-1092)/9.
2, 61
Let x = 4 + 7. Suppose -5*u + 24 + x = 0. What are the prime factors of u?
7
Let r(f) = -f - 1. Let m = 10 + -3. Let k be r(m). Let d = k - -18. What are the prime factors of d?
2, 5
Let m(q) = q**2 - 57. Let p be m(0). Let f = p - -25. What are the prime factors of f/(-6) - 4/12?
5
Let a(q) = -q**2 - 3*q + 6. Let c be a(-5). What are the prime factors of (-166)/c - (-12)/(-8)?
2, 5
Let c(y) = y - 9. Let n be c(13). Suppose 2*k + 4*t = n*k - 42, 5*t = k - 27. List the prime factors of k.
17
Let z = 1 + 4. Suppose p - z*k = -15 + 69, -2*k = 4. List the prime factors of p.
2, 11
Let n(f) = -136*f - 8. Let d be n(-8). Suppose -y - d = 4*y. List the prime factors of ((-1)/2)/(6/y).
2, 3
Let a = -17 + 19. Suppose -81 = -3*x - 3*h, -h = -a*x - x + 101. What are the prime factors of x?
2
Let l(v) = 2 + v**2 + 4*v - 4*v. Let d = 14 + -17. What are the prime factors of l(d)?
11
Let y = -28 + 51. Suppose 0 = s - 2*f - 10, 2*f = 2*s - f - y. What are the prime factors of s?
2
Suppose 7*q = q + 108. List the prime factors of q.
2, 3
Let d(c) = -c**2 + 7*c - 6. Let m be d(5). Suppose -2*y = -4*y - m. What are the prime factors of (-7)/y - (-1)/(-2)?
3
Suppose -5*v - 4*f - 37 = 0, 0 = -2*v - 0*f + 2*f - 22. Let r = v - -15. What are the prime factors of r?
2, 3
Suppose 0*t = 3*t. Suppose -3*f + 169 - 46 = t. What are the prime factors of f?
41
Let x be 0/3 + -2 + 19. Let s be 1*(4 + 2 + -3). Suppose x = -s*g + 50. What are the prime factors of g?
11
Suppose -6*s + 3*s = 0. Let o(q) = -q - 2. Let b be o(-5). Suppose 0 = n - s*n - b. List the prime factors of n.
3
Suppose 2*z - 127 = 19. List the prime factors of z.
73
Let v(p) = p**3 - p**2 - 1. Let s be v(0). What are the prime factors of (-39 + 7)/(s*2)?
2
Let k = -36 + 63. List the prime factors of k.
3
Suppose 4*w - 46 = 82. What are the prime factors of w?
2
Let q(z) = z - 4. Let c be q(6). Let d = 19 + c. What are the prime factors of d?
3, 7
Let s = 4 + 1. Suppose 9 = p - u, u = -p + s*u. List the prime factors of p.
2, 3
Suppose 694 + 674 = 6*b. What are the prime factors of b?
2, 3, 19
Let o(x) = 12*x**2 - 1. Let p be (8/3)/((-10)/(-15)). Suppose -y - 5 = p*y. What are the prime factors of o(y)?
11
Suppose -3*v - 5 - 12 = -2*o, -o - 5*v - 11 = 0. Suppose 0 = -0*p + o*p - 40. What are the prime factors of p?
2, 5
Suppose -4*l = 2*q - 3*q + 2, 4*l = 4*q - 8. Let m be (-2)/(2/10*-2). Suppose -2*c + 30 = m*w, 5*w + 4*c + 9 - 39 = l. What are the prime factors of w?
2, 3
Suppose 0 = 2*t - 4, 4*a + 37 - 195 = 3*t. What are the prime factors of a?
41
Suppose 0*r = 3*r - 15. Suppose -134 = -r*t - 2*q, -5*q = 4 - 14. List the prime factors of t.
2, 13
What are the prime factors of 43*(-2 - (-3 + 0))?
43
Let p = 24 + -18. Suppose 8*f = 6*f + p. List the prime factors of f.
3
What are the prime factors of ((-9)/(-21) + (-288)/(-14))*21?
3, 7
Suppose 0*k + 2*k = 38. List the prime factors of k.
19
Suppose 3*a + i + 18 = 233, 4*i = -2*a + 160. What are the prime factors of a?
2, 5, 7
Let g(f) = -2*f**3 - 13*f**2 + 5*f - 12. What are the prime factors of g(-8)?
2, 5, 7
Let t(d) = d**3 - 3*d**2 + 2*d - 2. Suppose 4*q = -q + 15. Let w be t(q). What are the prime factors of -3*w*(-2)/3?
2
Let n(w) = -w + 13. List the prime factors of n(-13).
2, 13
Suppose -4*k + 304 = -4*s, -s + 5*s + 16 = 0. Let a = k + -51. List the prime factors of a.
3, 7
Let l(y) = -y - 12. Let i be l(-5). Let n = i - -13. What are the prime factors of n?
2, 3
Suppose 6 = 4*q - 10. What are the prime factors of q?
2
List the prime factors of ((-8)/12)/((-1)/33).
2, 11
Let q = 12 - 10. Let o be q + (1 - 5)*1. List the prime factors of (-3 - (-6)/4)*o.
3
Let a be 4*(-1)/(-2) - -14. Suppose -a = -2*z + 10. Suppose -s + 2 = -z. What are the prime factors of s?
3, 5
Let a = -1 + -8. Let q be 25/3 + (-6)/a. Let u = 12 - q. What are the prime factors of u?
3
Suppose 4*x = -3*o + 25, -7*x = -3*x + 4*o - 28. Let i be (-6)/24 + 9/x. Suppose i*u = -3 + 17. List the prime factors of u.
7
Let p = 50 - 2. List the prime factors of p.
2, 3
Suppose 0 = 2*y - 5*y + 183. Suppose -3*f + 2*b - y = -173, -5*f + 2*b = -180. List the prime factors of f.
2, 17
Suppose 0*q - 2*q + 10 = 0. Suppose -h - 3*j = 2, -q + 21 = 2*h + 2*j. What are the prime factors of h?
13
Let d(t) = t**2 - 14*t + 7. What are the prime factors of d(14)?
7
Let n = 8 + -8. Suppose n*t = -t + 23. What are the prime factors of t?
23
Suppose 2*w = -2*w + 20. Let h = w + -3. What are the prime factors of h?
2
Let n(w) = -25*w**2 - w - 1. Let p be n(-1). Let u be 12/3*(-30)/8. Let c = u - p. List the prime factors of c.
2, 5
Suppose 3*s = 4*n - 35, -35 = -n - 2*n + 4*s. What are the prime f